{"id":145,"date":"2022-10-19T14:54:10","date_gmt":"2022-10-19T12:54:10","guid":{"rendered":"https:\/\/www.jaimemavulve.fr\/?page_id=145"},"modified":"2025-04-15T12:22:29","modified_gmt":"2025-04-15T10:22:29","slug":"qui-sommes-nous","status":"publish","type":"page","link":"https:\/\/www.jaimemavulve.fr\/index.php\/qui-sommes-nous\/","title":{"rendered":"Qui sommes-nous ?"},"content":{"rendered":"\n<h2 class=\"wp-block-heading\">Nos objectifs<\/h2>\n\n\n\n<p>La <a href=\"https:\/\/www.instagram.com\/jaimemavulve\/\">page instagram<\/a> et le site web ont pour vocation d&#8217;aider nos lecteur\u00b7ice\u00b7s \u00e0 mieux conna\u00eetre leur corps, \u00e0 mieux comprendre leur sexualit\u00e9, \u00e0 aller au-del\u00e0 des tabous relatifs au corps et aux difficult\u00e9s sexuelles. Nous luttons \u00e0 notre fa\u00e7on contre la d\u00e9sinformation, les fausses croyances, les violences sexistes et sexuelles et la culture du viol. Nous souhaitons contribuer activement \u00e0 la diffusion de la culture du consentement.<\/p>\n\n\n\n<p>Contact : <a href=\"mailto:jaimemavulve@gmail.com\">jaimemavulve@gmail.com<\/a><\/p>\n\n\n\n<h2 class=\"wp-block-heading\">La cr\u00e9ation de <em>J&#8217;aime ma vulve<\/em><\/h2>\n\n\n\n<p><em>J&#8217;aime ma vulve<\/em> est n\u00e9 le 8 mars 2019, au sein d&#8217;un petit groupe compos\u00e9 de militantes f\u00e9ministes, b\u00e9n\u00e9voles et salari\u00e9es du <a href=\"https:\/\/www.planning-familial.org\/fr\/le-planning-familial-du-bas-rhin-67\">Planning Familial 67<\/a>.<\/p>\n\n\n\n<p><em>J&#8217;aime ma vulve <\/em>a \u00e9t\u00e9 con\u00e7u comme<em> <\/em>une action de sensibilisation dont le but \u00e9tait de favoriser l\u2019emploi du mot <em>vulve,<\/em> de contribuer \u00e0 la connaissance de l\u2019anatomie des vulves et de la diversit\u00e9 de leur apparence. La premi\u00e8re \u00e9tape a consist\u00e9 en une campagne d\u2019affichage, la veille de la Journ\u00e9e internationale de lutte pour les droits des femmes. Des stickers (que vous pouvez voir ci-dessous) et des affiches montrant toutes sortes de vulves, dessin\u00e9es par Marion Dubois, furent coll\u00e9es dans la ville de Strasbourg. Ils dirigeaient le public vers une toute nouvelle page instagram, <a href=\"http:\/\/instagram.com\/jaimemavulve\">@jaimemavulve<\/a>. Son slogan\u00a0? \u00ab Elle a un nom, utilisons-le\u00a0! \u00bb. La page donnait des informations sur l\u2019anatomie et la physiologie des vulves et permettait de d\u00e9couvrir d\u2019autres dessins de Marion Dubois accompagn\u00e9s de textes explicatifs. Pendant les mois qui suivirent, deux nouveaux textes et dessins furent publi\u00e9s chaque semaine.<\/p>\n\n\n\n<figure class=\"wp-block-gallery has-nested-images columns-default is-cropped wp-block-gallery-1 is-layout-flex wp-block-gallery-is-layout-flex\">\n<figure class=\"wp-block-image size-large\"><img loading=\"lazy\" decoding=\"async\" width=\"532\" height=\"532\" data-id=\"621\" src=\"https:\/\/www.jaimemavulve.fr\/wp-content\/uploads\/2023\/02\/stickers-vulves6.jpg\" alt=\"\" class=\"wp-image-621\" srcset=\"https:\/\/www.jaimemavulve.fr\/wp-content\/uploads\/2023\/02\/stickers-vulves6.jpg 532w, https:\/\/www.jaimemavulve.fr\/wp-content\/uploads\/2023\/02\/stickers-vulves6-400x400.jpg 400w, https:\/\/www.jaimemavulve.fr\/wp-content\/uploads\/2023\/02\/stickers-vulves6-150x150.jpg 150w, https:\/\/www.jaimemavulve.fr\/wp-content\/uploads\/2023\/02\/stickers-vulves6-85x85.jpg 85w\" sizes=\"auto, (max-width: 532px) 100vw, 532px\" \/><\/figure>\n\n\n\n<figure class=\"wp-block-image size-large\"><img loading=\"lazy\" decoding=\"async\" width=\"532\" height=\"532\" data-id=\"620\" src=\"https:\/\/www.jaimemavulve.fr\/wp-content\/uploads\/2023\/02\/stickers-vulves5.jpg\" alt=\"\" class=\"wp-image-620\" srcset=\"https:\/\/www.jaimemavulve.fr\/wp-content\/uploads\/2023\/02\/stickers-vulves5.jpg 532w, https:\/\/www.jaimemavulve.fr\/wp-content\/uploads\/2023\/02\/stickers-vulves5-400x400.jpg 400w, https:\/\/www.jaimemavulve.fr\/wp-content\/uploads\/2023\/02\/stickers-vulves5-150x150.jpg 150w, https:\/\/www.jaimemavulve.fr\/wp-content\/uploads\/2023\/02\/stickers-vulves5-85x85.jpg 85w\" sizes=\"auto, (max-width: 532px) 100vw, 532px\" \/><\/figure>\n\n\n\n<figure class=\"wp-block-image size-large\"><img loading=\"lazy\" decoding=\"async\" width=\"532\" height=\"532\" data-id=\"619\" src=\"https:\/\/www.jaimemavulve.fr\/wp-content\/uploads\/2023\/02\/stickers-vulves4.jpg\" alt=\"\" class=\"wp-image-619\" srcset=\"https:\/\/www.jaimemavulve.fr\/wp-content\/uploads\/2023\/02\/stickers-vulves4.jpg 532w, https:\/\/www.jaimemavulve.fr\/wp-content\/uploads\/2023\/02\/stickers-vulves4-400x400.jpg 400w, https:\/\/www.jaimemavulve.fr\/wp-content\/uploads\/2023\/02\/stickers-vulves4-150x150.jpg 150w, https:\/\/www.jaimemavulve.fr\/wp-content\/uploads\/2023\/02\/stickers-vulves4-85x85.jpg 85w\" sizes=\"auto, (max-width: 532px) 100vw, 532px\" \/><\/figure>\n\n\n\n<figure class=\"wp-block-image size-large\"><img loading=\"lazy\" decoding=\"async\" width=\"532\" height=\"532\" data-id=\"618\" src=\"https:\/\/www.jaimemavulve.fr\/wp-content\/uploads\/2023\/02\/stickers-vulves3.jpg\" alt=\"\" class=\"wp-image-618\" srcset=\"https:\/\/www.jaimemavulve.fr\/wp-content\/uploads\/2023\/02\/stickers-vulves3.jpg 532w, https:\/\/www.jaimemavulve.fr\/wp-content\/uploads\/2023\/02\/stickers-vulves3-400x400.jpg 400w, https:\/\/www.jaimemavulve.fr\/wp-content\/uploads\/2023\/02\/stickers-vulves3-150x150.jpg 150w, https:\/\/www.jaimemavulve.fr\/wp-content\/uploads\/2023\/02\/stickers-vulves3-85x85.jpg 85w\" sizes=\"auto, (max-width: 532px) 100vw, 532px\" \/><\/figure>\n\n\n\n<figure class=\"wp-block-image size-large\"><img loading=\"lazy\" decoding=\"async\" width=\"532\" height=\"532\" data-id=\"617\" src=\"https:\/\/www.jaimemavulve.fr\/wp-content\/uploads\/2023\/02\/stickers-vulves2.jpg\" alt=\"\" class=\"wp-image-617\" srcset=\"https:\/\/www.jaimemavulve.fr\/wp-content\/uploads\/2023\/02\/stickers-vulves2.jpg 532w, https:\/\/www.jaimemavulve.fr\/wp-content\/uploads\/2023\/02\/stickers-vulves2-400x400.jpg 400w, https:\/\/www.jaimemavulve.fr\/wp-content\/uploads\/2023\/02\/stickers-vulves2-150x150.jpg 150w, https:\/\/www.jaimemavulve.fr\/wp-content\/uploads\/2023\/02\/stickers-vulves2-85x85.jpg 85w\" sizes=\"auto, (max-width: 532px) 100vw, 532px\" \/><\/figure>\n\n\n\n<figure class=\"wp-block-image size-large\"><img loading=\"lazy\" decoding=\"async\" width=\"532\" height=\"532\" data-id=\"616\" src=\"https:\/\/www.jaimemavulve.fr\/wp-content\/uploads\/2023\/02\/stickers-vulves1.jpg\" alt=\"\" class=\"wp-image-616\" srcset=\"https:\/\/www.jaimemavulve.fr\/wp-content\/uploads\/2023\/02\/stickers-vulves1.jpg 532w, https:\/\/www.jaimemavulve.fr\/wp-content\/uploads\/2023\/02\/stickers-vulves1-400x400.jpg 400w, https:\/\/www.jaimemavulve.fr\/wp-content\/uploads\/2023\/02\/stickers-vulves1-150x150.jpg 150w, https:\/\/www.jaimemavulve.fr\/wp-content\/uploads\/2023\/02\/stickers-vulves1-85x85.jpg 85w\" sizes=\"auto, (max-width: 532px) 100vw, 532px\" \/><\/figure>\n<\/figure>\n\n\n\n<p><\/p>\n\n\n\n<p>En 2019, notre travail a \u00e9t\u00e9 r\u00e9compens\u00e9 par le second prix (Award d\u2019argent) au concours international 2018\/2019 de l&#8217;Innovation en \u00c9ducation de la Chaire UNESCO Sant\u00e9 sexuelle et Droits humains. Cette reconnaissance nous a confort\u00e9 dans nos actions et nous avons continu\u00e9 \u00e0 dessiner, \u00e9crire, publier jusqu\u2019\u00e0 aujourd\u2019hui.&nbsp;<\/p>\n\n\n\n<p>En presque cinq ans, la page Instagram a atteint les 12 000 abonn\u00e9\u00b7e\u00b7s, 250 publications et le groupe de b\u00e9n\u00e9voles a connu de nombreux d\u00e9parts et arriv\u00e9es. En 2022, fi\u00e8res de tout le contenu cr\u00e9\u00e9, nous avons d\u00e9cid\u00e9 de cr\u00e9er un site web pour le r\u00e9organiser, le mettre en valeur et favoriser la recherche d\u2019information par th\u00e8me et mot-cl\u00e9. Il a enfin vu le jour en janvier 2024 !<\/p>\n\n\n\n<h2 class=\"wp-block-heading\">Qui sommes-nous ?<\/h2>\n\n\n\n<div class=\"wp-block-columns is-layout-flex wp-container-core-columns-is-layout-9d6595d7 wp-block-columns-is-layout-flex\">\n<div class=\"wp-block-column is-layout-flow wp-block-column-is-layout-flow\"><div class=\"wp-block-image\">\n<figure class=\"aligncenter size-full is-resized\"><img loading=\"lazy\" decoding=\"async\" width=\"600\" height=\"600\" src=\"https:\/\/www.jaimemavulve.fr\/wp-content\/uploads\/2023\/12\/portraitMarion.png\" alt=\"\" class=\"wp-image-1118\" style=\"width:227px;height:auto\" srcset=\"https:\/\/www.jaimemavulve.fr\/wp-content\/uploads\/2023\/12\/portraitMarion.png 600w, https:\/\/www.jaimemavulve.fr\/wp-content\/uploads\/2023\/12\/portraitMarion-400x400.png 400w, https:\/\/www.jaimemavulve.fr\/wp-content\/uploads\/2023\/12\/portraitMarion-150x150.png 150w, https:\/\/www.jaimemavulve.fr\/wp-content\/uploads\/2023\/12\/portraitMarion-85x85.png 85w\" sizes=\"auto, (max-width: 600px) 100vw, 600px\" \/><\/figure>\n<\/div>\n\n\n<p class=\"has-text-align-center\"><strong>Marion Dubois<\/strong><\/p>\n\n\n\n<p class=\"has-text-align-center\">Marion est illustratrice et graphiste. Pr\u00e9sente depuis le d\u00e9but du projet, elle a r\u00e9alis\u00e9 toutes les images de <em>J&#8217;aime ma vulve<\/em>, dont les illustrations anatomiques et les animations. Elle a aussi r\u00e9dig\u00e9 de nombreux textes, principalement sur les injonctions, la sant\u00e9 sexuelle, le genre, et le sexisme.<br><a href=\"https:\/\/mariondubois.fr\/\">mariondubois.fr<\/a><\/p>\n<\/div>\n\n\n\n<div class=\"wp-block-column is-layout-flow wp-block-column-is-layout-flow\"><div class=\"wp-block-image\">\n<figure class=\"aligncenter size-full is-resized\"><img loading=\"lazy\" decoding=\"async\" width=\"600\" height=\"600\" src=\"https:\/\/www.jaimemavulve.fr\/wp-content\/uploads\/2023\/12\/portraitMF.png\" alt=\"\" class=\"wp-image-1111\" style=\"width:228px;height:auto\" srcset=\"https:\/\/www.jaimemavulve.fr\/wp-content\/uploads\/2023\/12\/portraitMF.png 600w, https:\/\/www.jaimemavulve.fr\/wp-content\/uploads\/2023\/12\/portraitMF-400x400.png 400w, https:\/\/www.jaimemavulve.fr\/wp-content\/uploads\/2023\/12\/portraitMF-150x150.png 150w, https:\/\/www.jaimemavulve.fr\/wp-content\/uploads\/2023\/12\/portraitMF-85x85.png 85w\" sizes=\"auto, (max-width: 600px) 100vw, 600px\" \/><\/figure>\n<\/div>\n\n\n<p class=\"has-text-align-center\"><strong>Marie-Flore Laslandes <\/strong><\/p>\n\n\n\n<p class=\"has-text-align-center\">Marie-Flore est sexologue clinicienne. Pr\u00e9sente depuis le d\u00e9but, elle a r\u00e9dig\u00e9 les premiers articles sur l\u2019anatomie et la physiologie des vulves et bien d\u2019autres par la suite. Ses textes parlent principalement de difficult\u00e9s sexuelles, du fonctionnement du corps dans la sexualit\u00e9 et bien s\u00fbr de plaisir. Avec Marion Dubois, elle a imagin\u00e9 les vid\u00e9os montrant les r\u00e9actions sexuelles et r\u00e9dig\u00e9 les textes qui les accompagnent.<br><a href=\"https:\/\/sexo-strasbourg.fr\/\">sexo-strasbourg.fr<\/a><\/p>\n\n\n\n<p><\/p>\n<\/div>\n\n\n\n<div class=\"wp-block-column is-layout-flow wp-block-column-is-layout-flow\"><div class=\"wp-block-image\">\n<figure class=\"aligncenter size-full is-resized\"><img loading=\"lazy\" decoding=\"async\" width=\"602\" height=\"601\" src=\"https:\/\/www.jaimemavulve.fr\/wp-content\/uploads\/2023\/12\/portraitLilia-1.png\" alt=\"\" class=\"wp-image-1116\" style=\"width:233px;height:auto\" srcset=\"https:\/\/www.jaimemavulve.fr\/wp-content\/uploads\/2023\/12\/portraitLilia-1.png 602w, https:\/\/www.jaimemavulve.fr\/wp-content\/uploads\/2023\/12\/portraitLilia-1-400x400.png 400w, https:\/\/www.jaimemavulve.fr\/wp-content\/uploads\/2023\/12\/portraitLilia-1-150x150.png 150w, https:\/\/www.jaimemavulve.fr\/wp-content\/uploads\/2023\/12\/portraitLilia-1-85x85.png 85w\" sizes=\"auto, (max-width: 602px) 100vw, 602px\" \/><\/figure>\n<\/div>\n\n\n<p class=\"has-text-align-center\"><strong>Lilia L\u00e9pine<\/strong><\/p>\n\n\n\n<p class=\"has-text-align-center\">Lilia a rejoint le projet en cours de route en 2021. Initialement dipl\u00f4m\u00e9e d\u2019une th\u00e8se de bio-m\u00e9decine, elle s\u2019est replong\u00e9e dans des \u00e9tudes de m\u00e9decine afin de pouvoir participer \u00e0 l\u2019\u00e9ducation th\u00e9rapeutique et sexuelle des personnes. Passionn\u00e9e de physiologie et par la complexit\u00e9 du corps humain, sa participation \u00e0 <em>J&#8217;aime ma vulve<\/em> lui a permis de s&#8217;adonner \u00e0 la vulgarisation de divers sujets de sant\u00e9.&nbsp;<\/p>\n<\/div>\n<\/div>\n\n\n\n<p><span style=\"caret-color: rgb(255, 255, 255); color: rgb(255, 255, 255); font-family: Helvetica; font-size: 12px; font-style: normal; font-variant-caps: normal; font-weight: 400; letter-spacing: normal; orphans: auto; text-align: start; text-indent: 0px; text-transform: none; white-space: normal; widows: auto; word-spacing: 0px; -webkit-text-size-adjust: auto; -webkit-text-stroke-width: 0px; text-decoration: none; display: inline !important; float: none;\"><span class=\"Apple-converted-space\">&nbsp;<\/span>:<span class=\"Apple-converted-space\">&nbsp;<\/span><\/span><\/p>\n\n\n\n<p>Elles ont aussi particip\u00e9 \u00e0 <em>J&#8217;aime ma vulve<\/em> entre 2019 et 2021 : l&#8217;\u00e9quipe (b\u00e9n\u00e9voles et salari\u00e9es) du PF67, <a href=\"https:\/\/www.linkedin.com\/in\/alice-ackermann-671664155?utm_source=share&amp;utm_campaign=share_via&amp;utm_content=profile&amp;utm_medium=ios_app\">Alice Ackermann<\/a>, Camille B., Camille R., Cl\u00e9mence S&#8230;<\/p>\n","protected":false},"excerpt":{"rendered":"<p>Nos objectifs La page instagram et le site web ont pour vocation d&#8217;aider nos lecteur\u00b7ice\u00b7s \u00e0 mieux conna\u00eetre leur corps, \u00e0 mieux comprendre leur sexualit\u00e9, \u00e0 aller au-del\u00e0 des tabous relatifs au corps et aux difficult\u00e9s sexuelles. Nous luttons \u00e0 notre fa\u00e7on contre la d\u00e9sinformation, les fausses croyances, les violences sexistes et sexuelles et la [&hellip;]<\/p>\n","protected":false},"author":1,"featured_media":0,"parent":0,"menu_order":0,"comment_status":"closed","ping_status":"closed","template":"","meta":{"footnotes":""},"class_list":["post-145","page","type-page","status-publish","hentry"],"_links":{"self":[{"href":"https:\/\/www.jaimemavulve.fr\/index.php\/wp-json\/wp\/v2\/pages\/145","targetHints":{"allow":["GET"]}}],"collection":[{"href":"https:\/\/www.jaimemavulve.fr\/index.php\/wp-json\/wp\/v2\/pages"}],"about":[{"href":"https:\/\/www.jaimemavulve.fr\/index.php\/wp-json\/wp\/v2\/types\/page"}],"author":[{"embeddable":true,"href":"https:\/\/www.jaimemavulve.fr\/index.php\/wp-json\/wp\/v2\/users\/1"}],"replies":[{"embeddable":true,"href":"https:\/\/www.jaimemavulve.fr\/index.php\/wp-json\/wp\/v2\/comments?post=145"}],"version-history":[{"count":13,"href":"https:\/\/www.jaimemavulve.fr\/index.php\/wp-json\/wp\/v2\/pages\/145\/revisions"}],"predecessor-version":[{"id":1195,"href":"https:\/\/www.jaimemavulve.fr\/index.php\/wp-json\/wp\/v2\/pages\/145\/revisions\/1195"}],"wp:attachment":[{"href":"https:\/\/www.jaimemavulve.fr\/index.php\/wp-json\/wp\/v2\/media?parent=145"}],"curies":[{"name":"wp","href":"https:\/\/api.w.org\/{rel}","templated":true}]}}